221
-14003002 (base 5) to base 4
-202123022
Convert -11001100101001110 (base 2) to base 5.
-11323112
Convert -51310113 (base 6) to base 15.
-1e0cc0
1261520 (base 7) to base 4
220211333
1144011 (base 6) to base 12
2b007
-210321240 (base 5) to base 14
-1891ab
What is -1d988 (base 15) in base 5?
-11043103
245152 (base 9) to base 6
3101415
Convert -19573 (base 16) to base 8.
-312563
2774b88 (base 13) to base 4
233202303323
Convert 310130221 (base 4) to base 8.
643451
-130020303 (base 4) to base 6
-2245323
e3f4 (base 16) to base 5
3331411
2a38157 (base 13) to base 2
110011011000100101100000
What is 354030 (base 7) in base 5?
4020234
Convert 10111100010001001 (base 2) to base 3.
11220020010
a1258 (base 13) to base 14
77070
What is 1ae864 (base 15) in base 12?
534a41
Convert 30103155 (base 7) to base 8.
11374352
What is 11165112 (base 7) in base 13?
28154a
Convert -559e (base 16) to base 11.
-15516
Convert 276754 (base 15) to base 9.
3507437
What is d5849 (base 16) in base 14?
18aa13
-22201133111 (base 4) to base 3
-12012011002212
-10101010100001100000 (base 2) to base 4
-2222201200
2013221133 (base 4) to base 12
229653
Convert -660404 (base 7) to base 6.
-2250252
Convert -65944 (base 10) to base 4.
-100012120
What is 302214425 (base 6) in base 3?
100200122111222
Convert -422314224 (base 5) to base 9.
-3273032
What is -116413 (base 8) in base 6?
-510043
Convert 103510464 (base 7) to base 12.
20b2636
Convert -54001252 (base 6) to base 2.
-110000011010111000000
What is -51165d (base 14) in base 9?
-5122863
18c18 (base 15) to base 5
10032343
What is -a7c5c (base 13) in base 2?
-1001001111111110110
Convert -b2ec4 (base 16) to base 15.
-e722d
Convert 2331182 (base 9) to base 7.
13500131
Convert 100350414 (base 6) to base 8.
6413012
4654242 (base 7) to base 2
10001110110011101111
What is -1c292b (base 16) in base 11?
-1050650
What is 120012040 (base 6) in base 16?
2232d8
Convert 30130301323 (base 4) to base 9.
6123744
Convert 12255 (base 13) to base 5.
2031423
-533052343 (base 6) to base 14
-1364223
-10210020221111 (base 3) to base 13
-556183
Convert 332131022 (base 6) to base 13.
1316861
-10912 (base 11) to base 15
-49e8
What is -11202112210 (base 3) in base 2?
-10110111000001111
3322907 (base 11) to base 6
324550444
Convert 2a0b1 (base 14) to base 10.
104427
20201221120122 (base 3) to base 13
9850c4
32c7d (base 15) to base 16
276a3
Convert 639317 (base 10) to base 5.
130424232
-53411001 (base 6) to base 9
-2855661
Convert 342213314 (base 5) to base 4.
11303310033
Convert 3340111 (base 6) to base 14.
455b5
Convert -2316036 (base 9) to base 16.
-1316b5
Convert 100110203 (base 4) to base 16.
10523
What is -1001100011101011000 (base 2) in base 5?
-40010201
4432012 (base 7) to base 14
102c42
What is -2442 (base 8) in base 2?
-10100100010
What is 20200101221110 (base 3) in base 5?
1402112132
What is -725033 (base 11) in base 10?
-1163330
Convert 1030db0 (base 14) to base 13.
1779b52
What is 19830 (base 15) in base 9?
135570
Convert 1111101000000011 (base 2) to base 13.
23194
What is 264b2 (base 12) in base 9?
80068
-10000101010000110 (base 2) to base 9
-113531
18320e (base 16) to base 14
2d3c2a
What is -32262342 (base 7) in base 12?
-b0a276
Convert -26560636 (base 7) to base 9.
-4546137
-e4e31 (base 15) to base 7
-6111001
-a0952 (base 14) to base 12
-167464
107310 (base 11) to base 14
4631c
What is -102111320 (base 4) in base 8?
-222570
What is -63010076 (base 8) in base 3?
-221011102222220
Convert 10011011011111010001010 (base 2) to base 13.
109512c
What is -97e0e3 (base 15) in base 12?
-250b759
Convert -cb6596 (base 14) to base 15.
-912a2a
Convert 111bb0 (base 14) to base 12.
240492
What is -1b3723a (base 13) in base 16?
-898501
5770768 (base 9) to base 11
1839a21
Convert -20102 (base 14) to base 3.
-10220122222
Convert -d2cd (base 16) to base 13.
-1b742
Convert -c95 (base 13) to base 15.
-985
Convert 10010001110100101 (base 2) to base 12.
37259
-652331 (base 8) to base 11
-13a041
What is 100321342 (base 6) in base 5?
414042021
Convert 112010210012 (base 3) to base 11.
18011a
What is 553111325 (base 6) in base 4?
211330200011
What is 41026 (base 7) in base 9?
14604
What is -17d2c (base 14) in base 12?
-2aa18
What is -31313131320 (base 4) in base 9?
-6750330
-103010055 (base 8) to base 13
-3841355
What is -278007 (base 9) in base 16?
-29788
What is 10011101110010100111 (base 2) in base 10?
646311
Convert 1f9086 (base 16) to base 7.
23403642
Convert 15324511 (base 7) to base 10.
1468636
Convert 21032100 (base 5) to base 3.
22211201101
20031323000 (base 4) to base 13
5a567b
Convert 8c30 (base 16) to base 12.
18928
Convert -175324 (base 15) to base 4.
-10110031012
What is -1233130320 (base 4) in base 8?
-1573470
Convert 1202000224 (base 5) to base 16.
2a3379
-21431414 (base 5) to base 2
-101101100001110100
Convert 4d4e (base 15) to base 7.
66050
Convert -378662 (base 12) to base 4.
-3131102222
What is -232444 (base 6) in base 11?
-14072
Convert -10110111111101101011 (base 2) to base 13.
-204c89
What is 221000010111202 (base 3) in base 6?
1152453115
Convert -67356 (base 11) to base 7.
-554340
What is -702043 (base 9) in base 2?
-1100101010001111000
What is 12303223 (base 5) in base 15?
254ad
What is -c026 (base 13) in base 6?
-322112
What is 243411244 (base 5) in base 16?
119b9d
Convert -34606e (base 16) to base 2.
-1101000110000001101110
-101011110010111100111111 (base 2) to base 14
-174bddd
-331550 (base 6) to base 4
-12233322
What is 248035 (base 9) in base 10?
150206
Convert -1220002102 (base 3) to base 8.
-110574
Convert 59400 (base 15) to base 13.
9c5ac
What is -1119a9 (base 12) in base 10?
-272721
-11033022123 (base 4) to base 14
-27a431
4ed28 (base 16) to base 5
40312411
What is a38653 (base 11) in base 2?
110010110101101001001
Convert 65433226 (base 7) to base 3.
101112202201121
-10100221210 (base 3) to base 9
-110853
Convert -2c5929 (base 13) to base 2.
-100001100000010000011
Convert 31654a9 (base 11) to base 6.
315222530
-111000122020 (base 3) to base 16
-3e958
What is -4143331 (base 5) in base 16?
-10bef
-84149 (base 13) to base 4
-321333002
Convert -22121102120002 (base 3) to base 11.
-26451a4
Convert 13135 (base 16) to base 11.
53780
130315 (base 9) to base 5
10011424
Convert d09e5 (base 15) to base 2.
10100001001110001101
-5829ac (base 13) to base 10
-2091010
Convert 100001111101010101 (base 2) to base 5.
13422333
-33224300 (base 5) to base 14
-77621
123530 (base 11) to base 13
6a983
What is -21210122220 (base 3) in base 5?
-14403243
What is 1a0247 (base 11) in base 12?
12a122
21045 (base 6) to base 2
101100010101
What is 104034434 (base 5) in base 4?
1233033003
3d82d9 (base 16) to base 2
1111011000001011011001
Convert -2010103030 (base 4) to base 7.
-4414612
Convert 1110000110000010 (base 2) to base 16.
e182
Convert -52230120 (base 6) to base 10.
-1512480
500134221 (base 6) to base 7
131326654
What is -16a6876 (base 14) in base 7?
-163563606
What is -870623 (base 9) in base 14?
-d7110
Convert 101011100001100001110 (base 2) to base 12.
589412
-1341421001 (base 5) to base 10
-3467001
What is 1081711 (base 9) in base 5?
122211420
179c65 (base 15) to base 16
118028
Convert 361247 (base 10) to base 9.
610475
Convert -3027601 (base 8) to base 14.
-16b065
What is 2001234013 (base 5) in base 3?
21101200122101
What is 102a4a (base 12) in base 14?
686b8
Convert -2687232 (base 12) to base 4.
-131022002012
Convert 644157 (base 9) to base 8.
1355143
Convert 54543534 (base 6) to base 9.
3055544
4a6969 (base 15) to base 6
204233500
What is -21045454 (base 8) in base 10?
-4475692
Convert 147070 (base 12) to base 14.
8d4c4
What is -1fda (base 16) in base 2?
-1111111011010
-86b7b6 (base 12) to base 5
-1021311401
Convert d20ece (base 16) to base 5.
12011010400
What is 33130024 (base 6) in base 3?
1212101000121
What is 18375 (base 11) in base 7?
135012
Convert 3781390 (base 10) to base 12.
132437a
Convert 51421a (base 12) to base 9.
2348014
Convert 3e68cd (base 16) to base 4.
33212203031
What is 22312120 (base 5) in base 7?
1452430
What is -1158178 (base 9) in base 14?
-125487
Convert -132003300 (base 4) to base 8.
-360360
Convert 3a1aa (base 16) to base 15.
4a7b4
Convert -10000001110100011111110 (base 2) to base 9.
-8003281
2011121000110 (base 3) to base 15
17b